99). What is the remainder when 134 is divided by (10 + w)/(18/102*1)?
32
Suppose 55 = -10*h + 15. Let q(z) = 18*z**2 - 13*z - 63. What is the remainder when q(h) is divided by 5?
2
Suppose 4*j - 102 = -2*n + 1994, 5*j = 2*n + 2611. What is the remainder when j is divided by 136?
115
Suppose -7*l = -26 + 54. What is the remainder when (-3)/6 - (-143)/2 is divided by 10/((-26)/l - 6)?
11
Calculate the remainder when (-171)/((325/(-78))/25) is divided by 30.
6
Suppose -y + 53*r + 434 = 58*r, -5*y - 2*r = -2216. Calculate the remainder when y is divided by 115.
99
Let l = 16 - 8. Suppose l*f = 6*f + 8. Suppose n + 2*n = -4*m + 366, 5*n - 362 = -f*m. Calculate the remainder when m is divided by 16.
13
Suppose 5*g = -5*f - 95, -f + 3*g = -3*f - 42. Calculate the remainder when 285/(-10)*20/f is divided by 28.
10
Let r(m) = 162*m**2 - 8*m - 5. What is the remainder when 469 is divided by r(-1)?
139
Suppose -2*g - g + 33 = 0. Suppose -g*o + 6*o = -25. Calculate the remainder when (-11 - (-17 - 5)) + -5 is divided by o.
1
Let t = -4141 + 4194. What is the remainder when 624 is divided by t?
41
Let k = 5 + -1. Let s = k - 146. What is the remainder when (5 + 10/(-5))*s/(-6) is divided by 18?
17
Let b(w) = 16*w**3 + 3*w**2 - 6*w + 4. Let n be b(1). Suppose -10*d = -n - 33. Calculate the remainder when 23 is divided by d.
3
Let f be 11 + (0 - 2 - 1). Suppose -113 = -12*o - 11*o + 232. Calculate the remainder when o is divided by ((-12)/(-8))/(3/f).
3
Suppose 68*v - 875 = 900 + 1013. What is the remainder when 1597 is divided by v?
39
Let f = -5 + 15. Suppose 0 = v - 5*o + 13, -v - 3*v + 2*o + 20 = 0. Calculate the remainder when v + (-16)/4 - -33 is divided by f.
6
Let g be ((-55)/(-22))/(1/8). Suppose 0 = 5*o + g, 27 = -5*l - 2*o - o. What is the remainder when 42 is divided by 13 + (l - -4) - -2?
10
Let f(s) = 4*s - 23. Let u be 0 - -23 - (6 + -10). Calculate the remainder when (-6)/u + 650/9 is divided by f(12).
22
Let h = -343 - -487. Let r = 149 - h. Suppose 3*t - 55 = -u + 2*t, -4*u + 221 = r*t. Calculate the remainder when u is divided by 8.
6
Calculate the remainder when 481 is divided by 26/((-468)/(-63)) - (-447)/6.
13
Let g = 5610 - 5535. What is the remainder when g is divided by 36?
3
Let h(v) = 321*v - 1891. What is the remainder when h(8) is divided by 60?
17
Let b = -10227 + 10243. What is the remainder when 242 is divided by b?
2
Let t be 0 - (-30*1 - 4). Suppose -1 = -5*v + t. What is the remainder when 4 + (v*6 - 1) is divided by 12?
9
Calculate the remainder when 1132 is divided by (1 + -6)*(-3 + 184/(-40)).
30
Calculate the remainder when 739 is divided by 168441/11106 - (1 + -1 - (-5)/(-6)).
3
Let z(u) = -u + 7. Let x = -40 - -47. Suppose -x*n - 16 = -8*n + v, -89 = -5*n + 2*v. Calculate the remainder when n is divided by z(0).
5
Let w(a) = a**3 + 4*a - 3. Let l be w(2). Suppose -3*b + 448 = l*b. Calculate the remainder when 99 is divided by b.
15
Let c = 0 - -247. What is the remainder when c is divided by 21/5*-10*(6 - 95/15)?
9
Let h = 26 - -35. Let v = -81 + 119. Let q = -7 + v. Calculate the remainder when h is divided by q.
30
What is the remainder when 4 + (-10)/(140/(-518)) is divided by 21?
20
Suppose 36*y - 3*r - 375 = 31*y, 0 = 3*y - 4*r - 236. Suppose -3*v - y = -5*m, 0 - 16 = 4*v. What is the remainder when 113 is divided by m?
5
Let g(j) = -28*j - 4031. What is the remainder when g(-153) is divided by (53 - 0) + (-1 - 0)?
45
Let i be (-2)/10 - 29/5. Let m(p) = -p**3 - 5*p**2 + 3*p - 14. Let x be m(i). Calculate the remainder when 37 is divided by (-1 - (-48)/3) + x.
18
Suppose 0 = -d - a + 51, -15*d + 105 = -13*d + 3*a. What is the remainder when d is divided by 37?
11
Suppose 0 = -3*g + 3*h + 123, 5*g - 3*h + 0*h = 201. Suppose -3 = -3*p, -p = -5*s + 25 + g. What is the remainder when s is divided by 6?
1
Let r = 32 + -12. Suppose 0 = 32*d - 35*d + 9. Suppose h + d = 30. What is the remainder when h is divided by r?
7
Let x(s) = s**2 + 39*s + 53. Let t be x(-33). Calculate the remainder when (-2 + 4)/(2/63) is divided by t/(-25) + 3 - (-8)/(-10).
7
Let m(j) = -9*j**3 + 254*j**2 - 7*j - 61. Calculate the remainder when m(28) is divided by 70.
51
Let j(d) = d**2 + 81*d + 318. Calculate the remainder when -1 + (4 - 0) - -61 is divided by j(-4).
4
Suppose 4*l - 4*h = 2432, -2*h + 5*h = -6. Calculate the remainder when 6*l/60 - 2/(-5) is divided by 7.
5
Calculate the remainder when (-186)/(-155)*(-430)/(-6) + 6/(-2) is divided by 18.
11
Let t(y) = 4*y**2 + 4*y - 5. Let w = -103 + 93. Let z = w - -12. What is the remainder when t(z) is divided by 10?
9
Suppose 4*z + 578 = 2*t, 10*t - 5*t - 1367 = -3*z. Calculate the remainder when t is divided by 14.
11
Let u(f) = -6*f + 135. Let q(b) = -58*b + 162. Let n be q(3). What is the remainder when u(n) is divided by 35?
32
Let m(g) = -2*g**3 - 49*g**2 + 24*g + 207. Calculate the remainder when m(-25) is divided by 9.
7
Suppose -3*w = 3, 10 = -3*j - 3*w + 70. What is the remainder when ((-872)/(-72) + (20 - 32))*1251 is divided by j?
13
Let h(b) = -b**3 - 12*b**2 - 60*b - 55*b - 61 + 108*b. What is the remainder when h(-12) is divided by 7?
2
Let w = -18010 + 18405. What is the remainder when 809 is divided by w?
19
Let t = -3376 - -3411. Calculate the remainder when 82 is divided by t.
12
Suppose -k - 807 = -0*k. Let l = 830 + k. Calculate the remainder when l is divided by 8.
7
Let w(q) = q**2 + 16*q + 23. Let v be w(-14). Let j be (15/6)/v*(-36)/2. Suppose -91 - j = -5*i. What is the remainder when 118 is divided by i?
18
Suppose 43*d = -20*d - 5*d + 5508. Calculate the remainder when d is divided by 6.
3
Suppose -4*k - x + 37 = 0, -5*x = k - 4*k + 45. Let y(m) = m. Let l(u) = u + 48. Let n(p) = l(p) + 4*y(p). What is the remainder when n(0) is divided by k?
8
Let z(m) = -m**2 + 9*m + 1. Let u be z(-18). Let q = -334 - u. Let v = 23 + -12. Calculate the remainder when q is divided by v.
8
Let a = -246 + 423. Calculate the remainder when 1235 is divided by a.
173
Suppose b = i - 146, 10*b - 20 = 14*b. Calculate the remainder when 413 is divided by i.
131
Suppose -5*i + g = 140, -4*i - 3*g - 140 = i. Calculate the remainder when 115 is divided by (-100)/(-70)*i/(-10).
3
Let j = -14 - -16. Let h(v) = 16*v**2 + 3*v. Let d(g) = -g**3 - 5*g**2 - 9*g - 20. Calculate the remainder when h(j) is divided by d(-5).
20
Suppose -3*k = 4*a - 1673, 8*a + 2210 = 4*k + 3*a. What is the remainder when k is divided by 142?
129
What is the remainder when 11971895/5226 - (-7)/6 is divided by 11?
4
Suppose -185*m + 361*m = 704. Calculate the remainder when 10211 is divided by m.
3
Suppose -2*b + 17*y = 20*y - 61, 3*y - 3 = 0. Suppose -4*h + 37 = -179. Calculate the remainder when h is divided by b.
25
Let o(k) = -7*k + 190. Let a be o(26). Suppose a*r + 10*r = 1080. Calculate the remainder when 230 is divided by r.
50
Let z(i) = 494*i + 201569. Suppose 6*h - 2*h = 12, 3*c - 216 = 4*h. Calculate the remainder when c is divided by z(-408).
8
Suppose 2*q + 2228 = 2*p, -q - 58 + 50 = 0. Calculate the remainder when p is divided by 40.
26
Let t(h) = h**3 - h**2 + 11*h + 554. What is the remainder when t(0) is divided by 40?
34
Let c be (1/3)/((-9)/(-1350)). Suppose 2*d = -4*o + 42 + c, 3*d + 12 = 0. What is the remainder when 67 is divided by o?
17
What is the remainder when 601 is divided by (-5)/(-10) + (-1122)/(-68)?
6
Suppose -4*u = 2*g + 40, -8*g - u - 145 = -3*g. Let q = g + 43. Calculate the remainder when 24 is divided by q.
11
Suppose 90 = -2*c + 262. Let d = c - 61. Calculate the remainder when 47 is divided by d.
22
Suppose i - 75 = 3*z, -3*i + 3*z + 40 + 161 = 0. Suppose 127 = 2*s - v, 0*s = s - v - i. Calculate the remainder when s is divided by 23.
18
Let n = 46 + -33. Suppose 12*r - n*r - 31 = 0. Let w = r + 37. Calculate the remainder when w is divided by 3.
0
Let d = -42293 - -42317. Suppose 3*w - 56 - 76 = 0. Calculate the remainder when w is divided by d.
20
Let n(u) = -6*u - 20. Let b be n(-15). Suppose 0 = -3*s + 5*s - b. Suppose -2*o + 4 = x, 2*o - 23 = -2*x + o. What is the remainder when s is divided by x?
7
Let b(t) = 42*t**2 + 205*t + 1000. What is the remainder when b(-5) is divided by 79?
77
Suppose 13*f - 9*f = 2*f + 26. Calculate the remainder when 635 is divided by f.
11